ose q = n + 1. List the prime factors of q.
13
Suppose -3*q + 3*i + 15 = 0, -q + 3 + 4 = i. List the prime factors of (-2)/q*0 + 16.
2
What are the prime factors of -1*5*1*(-5 + -17)?
2, 5, 11
Suppose 4*o = -d + 244, -5*o + 241 = -5*d - 64. What are the prime factors of o?
61
Suppose -102*z + 318 = -100*z. List the prime factors of z.
3, 53
Suppose 502 = 9*f - 191. List the prime factors of f.
7, 11
Let b = -33 - -49. Suppose 4*i + b = -5*o, -i - 5 + 1 = 2*o. Let d = i - -9. What are the prime factors of d?
5
Suppose 2*r - 4*p = -64, -r - p - 1 - 16 = 0. Suppose 3 = 3*u - 6*u. What are the prime factors of u - (r + (-6)/(-3))?
19
Let w(v) = v**3 - 3*v**2 + 2*v - 4. Let p be w(3). Let n = 2 - p. Suppose -5*o + o + 16 = n. List the prime factors of o.
2
Let m(t) = -2*t + 10. What are the prime factors of m(-7)?
2, 3
Suppose -25 = -g + 1. List the prime factors of g.
2, 13
Suppose 3*n - 74 - 34 = 0. List the prime factors of n.
2, 3
Let u be 15*2/((-24)/(-4)). Suppose 2*l - 2*k - 119 = -l, u*l - 203 = k. List the prime factors of l.
41
Suppose -3*o + s = o - 322, 5*o - s - 403 = 0. What are the prime factors of o?
3
What are the prime factors of ((-480)/50)/((-6)/80)?
2
Let h(p) be the first derivative of 1/3*p**3 + 2*p**2 + 1 - 2*p. What are the prime factors of h(-5)?
3
Suppose -4*p = -0*c - c + 44, -5*p - 2*c - 68 = 0. Let y = 16 + -6. List the prime factors of (p/10)/((-4)/y).
3
Suppose 15 = -2*r - r, -5*r - 3 = -2*a. Let g(b) = -2*b - 14. List the prime factors of g(a).
2
Let g be 3/12 + 3/4. Let s be (-1)/1 + g/1. Suppose 0 = -3*v - s + 9. What are the prime factors of v?
3
Suppose 7*p = 2*p. Let x be ((-16)/2 + p)/(-2). Suppose -3*n + 5 = -2*a, a - 13 = -x*a - n. List the prime factors of a.
2
Let j(k) = -k**2 + k + 8. Let h be j(6). Let x be 26/22 - (-4)/h. What are the prime factors of (0 + 5)*(2 - x)?
5
Suppose -42 = -x + 3*j, j = -0*x + x - 46. What are the prime factors of x?
2, 3
Let v(f) = 75*f**2 + f + 1. What are the prime factors of v(-1)?
3, 5
Let b(o) = o**2 + 9*o + 9. Let u be b(-6). What are the prime factors of (-30)/u - (-4)/6?
2
Suppose 4 - 12 = -2*n. Suppose -5*x = -n*c - 8, 5*x - 3 = c + 14. Suppose -5*y + c*r + 85 = 0, 2*r + r = -4*y + 68. List the prime factors of y.
17
List the prime factors of 194*(((-14)/4)/7 + 1).
97
Let s(x) = 5*x + 1. Let h be s(1). Let v = h + -4. List the prime factors of (0 - -9 - v) + -2.
5
Suppose -2*p = w - 2 - 4, -5*p = 3*w - 16. Suppose -23 = -2*m - s, -s - 1 - 12 = -p*m. What are the prime factors of m?
3
Let p = 23 + -12. Let i be (-16)/(-40) - 2/5. Suppose i*k + p = k. What are the prime factors of k?
11
Let p be (-2)/(-3)*(-2 - 1). Let r be (-2)/p + 1 + 1. Suppose -21 = -r*u + 3. List the prime factors of u.
2
Let p(z) = z**3 + 193. What are the prime factors of p(0)?
193
Let z be 65 + (-6)/((-3)/1). Let s = z + -45. What are the prime factors of s?
2, 11
Let g(q) = q**3 - 5*q**2 + 2*q - 6. Let p be g(5). What are the prime factors of 5 + (-2 - 0) + p?
7
Let x(f) = 2*f**2 + 5*f + 3. Let g be x(-6). Let i = g + -3. List the prime factors of i.
2, 3, 7
Let d = -5 + 8. Suppose -2*v - 3 = -5*v, -4*t - d*v = 37. What are the prime factors of 1 + (-2 - 0 - t)?
3
Let c = 4 + -9. Let z(q) = 2*q**2 + 8*q + 7. List the prime factors of z(c).
17
Suppose -5*m + y - 116 = 0, -5*m - 117 = 2*y - 4*y. Let f = -16 - m. List the prime factors of f.
7
Let c be (6/10)/((-2)/(-10)). Suppose 0 = v - i - 20, 2*v + c*v + i - 70 = 0. What are the prime factors of v?
3, 5
Let k(c) = -c**2 + 8*c + 7. List the prime factors of k(8).
7
Let k(m) = 0*m**2 - 8*m**2 - 10 + m**2 - 3*m - m**3. Let d be 100/(-16) + (-3)/4. What are the prime factors of k(d)?
11
Suppose -8*k + 358 = -234. List the prime factors of k.
2, 37
Suppose -2*m + 2*a + 86 = -0*a, -5*a = 4*m - 181. What are the prime factors of m?
2, 11
Let b(m) = 2*m**2 + 8*m. List the prime factors of b(-6).
2, 3
Suppose 4*c - 35 = -c. Suppose -3*w - 18 = -4*n, 2*n + 19 = -2*w + c*n. What are the prime factors of w - -1 - (-2 + -6)?
7
Suppose 0 = -5*h + 40 - 5. Let x = h - 1. List the prime factors of x.
2, 3
Suppose 2*y = 3*m + 2, -8*m - 6 = -3*m - 4*y. Let p(v) = v**3 + 2*v**2 - 2*v + 4. Let f be p(-3). What are the prime factors of (m/(-2))/(f/(-7))?
7
Suppose 0 = -18*i + 11*i + 168. What are the prime factors of i?
2, 3
Suppose 0 = -3*b - 0 - 15. List the prime factors of (-2)/b - 106/(-10).
11
Let b(z) = 2*z + 11*z**2 - 1 + 4 - z - 2. Let h be (-6)/((-9)/(-3)) - -1. List the prime factors of b(h).
11
Suppose -3*i = -12, 3*m - 5 = -3*i - 2*i. Let w(f) = 29*f + 21. Let l(z) = 10*z + 7. Let o(b) = 17*l(b) - 6*w(b). List the prime factors of o(m).
13
Suppose 0*c + 150 = 2*c. Suppose -5*m + c = 20. Let w = m + -4. What are the prime factors of w?
7
List the prime factors of (-1043)/(-21) + (-4)/6 - 4.
3, 5
Suppose -6*o = -4*o - 4. Suppose -o*w = -30 - 8. What are the prime factors of w?
19
Suppose -2*l + 5*h = -587, -3*l - 5*h + 871 = -3*h. What are the prime factors of l?
3, 97
Suppose -6*k + 8*k - 2 = 0. Let q be 1 + 0 + (-2 - -5). List the prime factors of k/q + 609/28.
2, 11
Suppose -33 = -3*a + 3*o, 0*a + 4*o = a - 20. Let u = a + -10. What are the prime factors of (-24)/(-1) - (-6)/u?
3, 7
Suppose -667 = -5*h - v, 0*v = -4*h + v + 530. List the prime factors of h.
7, 19
Let x(s) be the second derivative of s**5/20 - s**4/6 - s**3 + s**2/2 + s. List the prime factors of x(4).
3
Suppose -7*u + 1583 + 776 = 0. What are the prime factors of u?
337
Let i = 60 - 32. Suppose 9 = 4*x - 2*k - 13, -4*k = -4*x + i. Suppose t - x*q = 18, 5*q - 2 = -4*t + 7. List the prime factors of t.
2, 3
Let h be 2/10 - (-68)/10. Suppose -3*v - h = -61. Let u = 29 - v. What are the prime factors of u?
11
Let l(q) = -5*q - 17. Let x be l(-16). Suppose a + x = 6*a - 3*i, 5*a - 87 = -3*i. List the prime factors of a.
3, 5
Let s(q) = q + 50. List the prime factors of s(0).
2, 5
List the prime factors of (-74)/(-16)*-2*-4.
37
Let i(d) = 2*d**3 + d**2 - d - 1. Let h be i(-1). Let f(p) = -3*p - 1. What are the prime factors of f(h)?
2
Let x be 26/5 + (-5)/25. Let j(f) = f**2 + 2*f + 2. Let m be j(-2). Suppose -m = n - x. List the prime factors of n.
3
Let w(i) = i**2 + 6*i + 4. Let h be w(-4). Let k be 3/(-2) + 6/h. What are the prime factors of ((-32)/(-6))/(-2)*k?
2
Suppose 5*h = g + 27, 4*h - 2*g + 6*g = 12. Suppose w - h - 2 = 0. What are the prime factors of w?
7
Suppose -209 - 123 = -4*p. What are the prime factors of p?
83
Let u = 5 - 2. Suppose u + 3 = -d. Let r = -4 - d. What are the prime factors of r?
2
Let i(t) = -t**3 - t**2 - t + 12. Let a be -3 + 2 - (-1 - 0). What are the prime factors of i(a)?
2, 3
Let k(z) = z**2 + 16*z - 16. Let g be k(-11). Let b = 111 + g. List the prime factors of b.
2, 5
Suppose 0 = 2*l - 2*x - 2*x - 394, 5*l - 1020 = 3*x. List the prime factors of l.
3, 23
Let s = 26 - 20. What are the prime factors of (24/(-14))/(s/(-126))?
2, 3
Let l = 25 - 56. Let a = l + 72. List the prime factors of a.
41
Let t(y) be the first derivative of 2*y**3 + y**2/2 - y - 3. List the prime factors of t(1).
2, 3
What are the prime factors of (8/10)/((-13)/(-780))?
2, 3
Suppose 0 = 7*r - 6*r - 157. What are the prime factors of r?
157
Let c(d) = 7*d**2. Let s be c(-1). Let h = 0 - s. Let n(w) = -w**3 - 8*w**2 - 10*w - 9. What are the prime factors of n(h)?
2, 3
Suppose 5*v - u - 63 = 2*u, u - 4 = 0. What are the prime factors of v?
3, 5
Let m(l) = -l**2 - 6*l - 3. Let r be m(-4). Suppose r*q - 4*s - 65 = -3*s, 0 = -3*q - 4*s + 62. What are the prime factors of q?
2, 7
Suppose -2*m - 3*m - 90 = 0. List the prime factors of -2*3/(m/39).
13
Suppose 5*v = -0*v + 35. Suppose -3*n + 34 = v. List the prime factors of n.
3
Let z = 85 - 49. What are the prime factors of z?
2, 3
Let h(u) = 3*u**2 - u - 4. Let k = 17 - 14. What are the prime factors of h(k)?
2, 5
Let c = 24 + -18. What are the prime factors of ((-3)/c)/(5/(-50))?
5
Let l = -20 + 5. Suppose -66 = 3*k - 0*k. Let n = l - k. List the prime factors of n.
7
What are the prime factors of (-3)/((-12)/2008*2)?
251
Suppose -5*f + m = -3*m - 195, 0 = -f - 4*m + 15. What are the prime factors of f?
5, 7
Suppose 0 = -4*s + 8*s - 584. List the prime factors of s.
2, 73
Let q(p) = p**2 + 3. Suppose -3*l + 0 = 4*h - 3, -4*h + 